{"id":5283,"date":"2015-03-26T23:08:50","date_gmt":"2015-03-26T21:08:50","guid":{"rendered":"http:\/\/felix.ares.fm\/wp-content\/uploads\/2015\/03\/IMG_8730.jpg"},"modified":"2015-03-26T23:09:26","modified_gmt":"2015-03-26T21:09:26","slug":"img_8730","status":"inherit","type":"attachment","link":"https:\/\/felix.ares.fm\/?attachment_id=5283","title":{"rendered":"IMG_8730"},"author":1,"featured_media":0,"comment_status":"closed","ping_status":"open","template":"","meta":[],"class_list":["post-5283","attachment","type-attachment","status-inherit","hentry"],"description":{"rendered":"<p class=\"attachment\"><a href='https:\/\/felix.ares.fm\/wp-content\/uploads\/2015\/03\/IMG_8730-e1427404151395.jpg'><img loading=\"lazy\" decoding=\"async\" width=\"199\" height=\"300\" src=\"https:\/\/felix.ares.fm\/wp-content\/uploads\/2015\/03\/IMG_8730-e1427404151395-199x300.jpg\" class=\"attachment-medium size-medium\" alt=\"\" srcset=\"https:\/\/felix.ares.fm\/wp-content\/uploads\/2015\/03\/IMG_8730-e1427404151395-199x300.jpg 199w, https:\/\/felix.ares.fm\/wp-content\/uploads\/2015\/03\/IMG_8730-e1427404151395.jpg 213w\" sizes=\"auto, (max-width: 199px) 100vw, 199px\" \/><\/a><\/p>\n"},"caption":{"rendered":"<p>apilla del Cristo de la agon\u00eda; tambi\u00e9n conocida como Capilla del Conde. Construida en estilo neog\u00f3tico entre 1923 y 1925.<\/p>\n"},"alt_text":"","media_type":"image","mime_type":"image\/jpeg","media_details":{"width":213,"height":320,"file":"2015\/03\/IMG_8730-e1427404151395.jpg","sizes":{"thumbnail":{"file":"IMG_8730-e1427404151395-150x150.jpg","width":150,"height":150,"mime_type":"image\/jpeg","source_url":"https:\/\/felix.ares.fm\/wp-content\/uploads\/2015\/03\/IMG_8730-e1427404151395-150x150.jpg"},"medium":{"file":"IMG_8730-e1427404151395-199x300.jpg","width":199,"height":300,"mime_type":"image\/jpeg","source_url":"https:\/\/felix.ares.fm\/wp-content\/uploads\/2015\/03\/IMG_8730-e1427404151395-199x300.jpg"},"full":{"file":"IMG_8730-e1427404151395.jpg","width":213,"height":320,"mime_type":"image\/jpeg","source_url":"https:\/\/felix.ares.fm\/wp-content\/uploads\/2015\/03\/IMG_8730-e1427404151395.jpg"}},"image_meta":{"aperture":16,"credit":"","camera":"Canon EOS 600D","caption":"","created_timestamp":1423911499,"copyright":"","focal_length":"18","iso":"12800","shutter_speed":"0.00125","title":"","orientation":8}},"post":5261,"source_url":"https:\/\/felix.ares.fm\/wp-content\/uploads\/2015\/03\/IMG_8730-e1427404151395.jpg","_links":{"self":[{"href":"https:\/\/felix.ares.fm\/index.php?rest_route=\/wp\/v2\/media\/5283","targetHints":{"allow":["GET"]}}],"collection":[{"href":"https:\/\/felix.ares.fm\/index.php?rest_route=\/wp\/v2\/media"}],"about":[{"href":"https:\/\/felix.ares.fm\/index.php?rest_route=\/wp\/v2\/types\/attachment"}],"author":[{"embeddable":true,"href":"https:\/\/felix.ares.fm\/index.php?rest_route=\/wp\/v2\/users\/1"}],"replies":[{"embeddable":true,"href":"https:\/\/felix.ares.fm\/index.php?rest_route=%2Fwp%2Fv2%2Fcomments&post=5283"}],"wp:attached-to":[{"embeddable":true,"post_type":"post","id":5261,"href":"https:\/\/felix.ares.fm\/index.php?rest_route=\/wp\/v2\/posts\/5261"}],"curies":[{"name":"wp","href":"https:\/\/api.w.org\/{rel}","templated":true}]}}

<p>apilla del Cristo de la agonía; también conocida como Capilla del Conde. Construida en estilo neogótico entre 1923 y 1925.</p>
