{"id":5247,"date":"2015-03-19T05:23:30","date_gmt":"2015-03-19T03:23:30","guid":{"rendered":"http:\/\/felix.ares.fm\/wp-content\/uploads\/2015\/03\/IMG_8692.jpg"},"modified":"2015-03-19T05:24:38","modified_gmt":"2015-03-19T03:24:38","slug":"img_8692","status":"inherit","type":"attachment","link":"https:\/\/felix.ares.fm\/?attachment_id=5247","title":{"rendered":"IMG_8692"},"author":1,"featured_media":0,"comment_status":"closed","ping_status":"open","template":"","meta":[],"class_list":["post-5247","attachment","type-attachment","status-inherit","hentry"],"description":{"rendered":"<p class=\"attachment\"><a href='https:\/\/felix.ares.fm\/wp-content\/uploads\/2015\/03\/IMG_8692-e1426735419383.jpg'><img loading=\"lazy\" decoding=\"async\" width=\"199\" height=\"300\" src=\"https:\/\/felix.ares.fm\/wp-content\/uploads\/2015\/03\/IMG_8692-e1426735419383-199x300.jpg\" class=\"attachment-medium size-medium\" alt=\"\" srcset=\"https:\/\/felix.ares.fm\/wp-content\/uploads\/2015\/03\/IMG_8692-e1426735419383-199x300.jpg 199w, https:\/\/felix.ares.fm\/wp-content\/uploads\/2015\/03\/IMG_8692-e1426735419383.jpg 213w\" sizes=\"auto, (max-width: 199px) 100vw, 199px\" \/><\/a><\/p>\n"},"caption":{"rendered":"<p>Al fondo la Real Colegiata de San Sebasti\u00e1n, probablemente el monumento m\u00e1s emblem\u00e1tco de la ciudad<\/p>\n"},"alt_text":"","media_type":"image","mime_type":"image\/jpeg","media_details":{"width":213,"height":320,"file":"2015\/03\/IMG_8692-e1426735419383.jpg","sizes":{"thumbnail":{"file":"IMG_8692-e1426735419383-150x150.jpg","width":150,"height":150,"mime_type":"image\/jpeg","source_url":"https:\/\/felix.ares.fm\/wp-content\/uploads\/2015\/03\/IMG_8692-e1426735419383-150x150.jpg"},"medium":{"file":"IMG_8692-e1426735419383-199x300.jpg","width":199,"height":300,"mime_type":"image\/jpeg","source_url":"https:\/\/felix.ares.fm\/wp-content\/uploads\/2015\/03\/IMG_8692-e1426735419383-199x300.jpg"},"full":{"file":"IMG_8692-e1426735419383.jpg","width":213,"height":320,"mime_type":"image\/jpeg","source_url":"https:\/\/felix.ares.fm\/wp-content\/uploads\/2015\/03\/IMG_8692-e1426735419383.jpg"}},"image_meta":{"aperture":13,"credit":"","camera":"Canon EOS 600D","caption":"","created_timestamp":1419099181,"copyright":"","focal_length":"76","iso":"12800","shutter_speed":"0.002","title":"","orientation":8}},"post":5235,"source_url":"https:\/\/felix.ares.fm\/wp-content\/uploads\/2015\/03\/IMG_8692-e1426735419383.jpg","_links":{"self":[{"href":"https:\/\/felix.ares.fm\/index.php?rest_route=\/wp\/v2\/media\/5247","targetHints":{"allow":["GET"]}}],"collection":[{"href":"https:\/\/felix.ares.fm\/index.php?rest_route=\/wp\/v2\/media"}],"about":[{"href":"https:\/\/felix.ares.fm\/index.php?rest_route=\/wp\/v2\/types\/attachment"}],"author":[{"embeddable":true,"href":"https:\/\/felix.ares.fm\/index.php?rest_route=\/wp\/v2\/users\/1"}],"replies":[{"embeddable":true,"href":"https:\/\/felix.ares.fm\/index.php?rest_route=%2Fwp%2Fv2%2Fcomments&post=5247"}],"wp:attached-to":[{"embeddable":true,"post_type":"post","id":5235,"href":"https:\/\/felix.ares.fm\/index.php?rest_route=\/wp\/v2\/posts\/5235"}],"curies":[{"name":"wp","href":"https:\/\/api.w.org\/{rel}","templated":true}]}}

<p>Al fondo la Real Colegiata de San Sebastián, probablemente el monumento más emblemátco de la ciudad</p>
