{"id":5192,"date":"2015-03-12T11:07:54","date_gmt":"2015-03-12T09:07:54","guid":{"rendered":"http:\/\/felix.ares.fm\/wp-content\/uploads\/2015\/03\/IMG_8885.jpg"},"modified":"2015-03-12T11:32:58","modified_gmt":"2015-03-12T09:32:58","slug":"img_8885","status":"inherit","type":"attachment","link":"https:\/\/felix.ares.fm\/?attachment_id=5192","title":{"rendered":"IMG_8885"},"author":1,"featured_media":0,"comment_status":"closed","ping_status":"open","template":"","meta":[],"class_list":["post-5192","attachment","type-attachment","status-inherit","hentry"],"description":{"rendered":"<p class=\"attachment\"><a href='https:\/\/felix.ares.fm\/wp-content\/uploads\/2015\/03\/IMG_8885-e1426152764706.jpg'><img loading=\"lazy\" decoding=\"async\" width=\"199\" height=\"300\" src=\"https:\/\/felix.ares.fm\/wp-content\/uploads\/2015\/03\/IMG_8885-e1426152764706-199x300.jpg\" class=\"attachment-medium size-medium\" alt=\"\" srcset=\"https:\/\/felix.ares.fm\/wp-content\/uploads\/2015\/03\/IMG_8885-e1426152764706-199x300.jpg 199w, https:\/\/felix.ares.fm\/wp-content\/uploads\/2015\/03\/IMG_8885-e1426152764706.jpg 213w\" sizes=\"auto, (max-width: 199px) 100vw, 199px\" \/><\/a><\/p>\n"},"caption":{"rendered":"<p>Ver\u00f3nica de la iglesia de San Ju\u00e1n de Letr\u00e1n.<\/p>\n"},"alt_text":"","media_type":"image","mime_type":"image\/jpeg","media_details":{"width":213,"height":320,"file":"2015\/03\/IMG_8885-e1426152764706.jpg","sizes":{"thumbnail":{"file":"IMG_8885-e1426152764706-150x150.jpg","width":150,"height":150,"mime_type":"image\/jpeg","source_url":"https:\/\/felix.ares.fm\/wp-content\/uploads\/2015\/03\/IMG_8885-e1426152764706-150x150.jpg"},"medium":{"file":"IMG_8885-e1426152764706-199x300.jpg","width":199,"height":300,"mime_type":"image\/jpeg","source_url":"https:\/\/felix.ares.fm\/wp-content\/uploads\/2015\/03\/IMG_8885-e1426152764706-199x300.jpg"},"full":{"file":"IMG_8885-e1426152764706.jpg","width":213,"height":320,"mime_type":"image\/jpeg","source_url":"https:\/\/felix.ares.fm\/wp-content\/uploads\/2015\/03\/IMG_8885-e1426152764706.jpg"}},"image_meta":{"aperture":5.6,"credit":"","camera":"Canon EOS 600D","caption":"","created_timestamp":1424003034,"copyright":"","focal_length":"110","iso":"12800","shutter_speed":"0.02","title":"","orientation":8}},"post":5146,"source_url":"https:\/\/felix.ares.fm\/wp-content\/uploads\/2015\/03\/IMG_8885-e1426152764706.jpg","_links":{"self":[{"href":"https:\/\/felix.ares.fm\/index.php?rest_route=\/wp\/v2\/media\/5192","targetHints":{"allow":["GET"]}}],"collection":[{"href":"https:\/\/felix.ares.fm\/index.php?rest_route=\/wp\/v2\/media"}],"about":[{"href":"https:\/\/felix.ares.fm\/index.php?rest_route=\/wp\/v2\/types\/attachment"}],"author":[{"embeddable":true,"href":"https:\/\/felix.ares.fm\/index.php?rest_route=\/wp\/v2\/users\/1"}],"replies":[{"embeddable":true,"href":"https:\/\/felix.ares.fm\/index.php?rest_route=%2Fwp%2Fv2%2Fcomments&post=5192"}],"wp:attached-to":[{"embeddable":true,"post_type":"post","id":5146,"href":"https:\/\/felix.ares.fm\/index.php?rest_route=\/wp\/v2\/posts\/5146"}],"curies":[{"name":"wp","href":"https:\/\/api.w.org\/{rel}","templated":true}]}}

<p>Verónica de la iglesia de San Juán de Letrán.</p>
