{"id":11343,"date":"2017-06-12T10:14:32","date_gmt":"2017-06-12T08:14:32","guid":{"rendered":"http:\/\/felix.ares.fm\/wp-content\/uploads\/2017\/05\/cartel-t\u00e1nger-3-d\u00edas-ASOCIACION-DE-JUBILADOS-DE-FUENGIROLA-copia.jpg"},"modified":"2017-06-12T10:14:49","modified_gmt":"2017-06-12T08:14:49","slug":"cartel-tanger-3-dias-asociacion-de-jubilados-de-fuengirola-copia","status":"inherit","type":"attachment","link":"https:\/\/felix.ares.fm\/?attachment_id=11343","title":{"rendered":"cartel t\u00e1nger 3 d\u00edas ASOCIACION DE JUBILADOS DE FUENGIROLA copia"},"author":1,"featured_media":0,"comment_status":"closed","ping_status":"closed","template":"","meta":[],"class_list":["post-11343","attachment","type-attachment","status-inherit","hentry"],"description":{"rendered":"<p class=\"attachment\"><a href='https:\/\/felix.ares.fm\/wp-content\/uploads\/2017\/05\/cartel-t\u00e1nger-3-d\u00edas-ASOCIACION-DE-JUBILADOS-DE-FUENGIROLA-copia.jpg'><img loading=\"lazy\" decoding=\"async\" width=\"212\" height=\"300\" src=\"https:\/\/felix.ares.fm\/wp-content\/uploads\/2017\/05\/cartel-t\u00e1nger-3-d\u00edas-ASOCIACION-DE-JUBILADOS-DE-FUENGIROLA-copia-212x300.jpg\" class=\"attachment-medium size-medium\" alt=\"\" srcset=\"https:\/\/felix.ares.fm\/wp-content\/uploads\/2017\/05\/cartel-t\u00e1nger-3-d\u00edas-ASOCIACION-DE-JUBILADOS-DE-FUENGIROLA-copia-212x300.jpg 212w, https:\/\/felix.ares.fm\/wp-content\/uploads\/2017\/05\/cartel-t\u00e1nger-3-d\u00edas-ASOCIACION-DE-JUBILADOS-DE-FUENGIROLA-copia-768x1086.jpg 768w, https:\/\/felix.ares.fm\/wp-content\/uploads\/2017\/05\/cartel-t\u00e1nger-3-d\u00edas-ASOCIACION-DE-JUBILADOS-DE-FUENGIROLA-copia-724x1024.jpg 724w, https:\/\/felix.ares.fm\/wp-content\/uploads\/2017\/05\/cartel-t\u00e1nger-3-d\u00edas-ASOCIACION-DE-JUBILADOS-DE-FUENGIROLA-copia-21x30.jpg 21w, https:\/\/felix.ares.fm\/wp-content\/uploads\/2017\/05\/cartel-t\u00e1nger-3-d\u00edas-ASOCIACION-DE-JUBILADOS-DE-FUENGIROLA-copia.jpg 1754w\" sizes=\"auto, (max-width: 212px) 100vw, 212px\" \/><\/a><\/p>\n"},"caption":{"rendered":"<p>Viaje de 3 d\u00edas a Marruecos.<\/p>\n"},"alt_text":"","media_type":"image","mime_type":"image\/jpeg","media_details":{"width":1754,"height":2480,"file":"2017\/05\/cartel-t\u00e1nger-3-d\u00edas-ASOCIACION-DE-JUBILADOS-DE-FUENGIROLA-copia.jpg","sizes":{"thumbnail":{"file":"cartel-t\u00e1nger-3-d\u00edas-ASOCIACION-DE-JUBILADOS-DE-FUENGIROLA-copia-150x150.jpg","width":150,"height":150,"mime_type":"image\/jpeg","source_url":"https:\/\/felix.ares.fm\/wp-content\/uploads\/2017\/05\/cartel-t\u00e1nger-3-d\u00edas-ASOCIACION-DE-JUBILADOS-DE-FUENGIROLA-copia-150x150.jpg"},"medium":{"file":"cartel-t\u00e1nger-3-d\u00edas-ASOCIACION-DE-JUBILADOS-DE-FUENGIROLA-copia-212x300.jpg","width":212,"height":300,"mime_type":"image\/jpeg","source_url":"https:\/\/felix.ares.fm\/wp-content\/uploads\/2017\/05\/cartel-t\u00e1nger-3-d\u00edas-ASOCIACION-DE-JUBILADOS-DE-FUENGIROLA-copia-212x300.jpg"},"medium_large":{"file":"cartel-t\u00e1nger-3-d\u00edas-ASOCIACION-DE-JUBILADOS-DE-FUENGIROLA-copia-768x1086.jpg","width":768,"height":1086,"mime_type":"image\/jpeg","source_url":"https:\/\/felix.ares.fm\/wp-content\/uploads\/2017\/05\/cartel-t\u00e1nger-3-d\u00edas-ASOCIACION-DE-JUBILADOS-DE-FUENGIROLA-copia-768x1086.jpg"},"large":{"file":"cartel-t\u00e1nger-3-d\u00edas-ASOCIACION-DE-JUBILADOS-DE-FUENGIROLA-copia-724x1024.jpg","width":724,"height":1024,"mime_type":"image\/jpeg","source_url":"https:\/\/felix.ares.fm\/wp-content\/uploads\/2017\/05\/cartel-t\u00e1nger-3-d\u00edas-ASOCIACION-DE-JUBILADOS-DE-FUENGIROLA-copia-724x1024.jpg"},"tiny-lazy":{"file":"cartel-t\u00e1nger-3-d\u00edas-ASOCIACION-DE-JUBILADOS-DE-FUENGIROLA-copia-21x30.jpg","width":21,"height":30,"mime_type":"image\/jpeg","source_url":"https:\/\/felix.ares.fm\/wp-content\/uploads\/2017\/05\/cartel-t\u00e1nger-3-d\u00edas-ASOCIACION-DE-JUBILADOS-DE-FUENGIROLA-copia-21x30.jpg"},"post-thumbnail":{"file":"cartel-t\u00e1nger-3-d\u00edas-ASOCIACION-DE-JUBILADOS-DE-FUENGIROLA-copia-604x270.jpg","width":604,"height":270,"mime_type":"image\/jpeg","source_url":"https:\/\/felix.ares.fm\/wp-content\/uploads\/2017\/05\/cartel-t\u00e1nger-3-d\u00edas-ASOCIACION-DE-JUBILADOS-DE-FUENGIROLA-copia-604x270.jpg"},"full":{"file":"cartel-t\u00e1nger-3-d\u00edas-ASOCIACION-DE-JUBILADOS-DE-FUENGIROLA-copia.jpg","width":1754,"height":2480,"mime_type":"image\/jpeg","source_url":"https:\/\/felix.ares.fm\/wp-content\/uploads\/2017\/05\/cartel-t\u00e1nger-3-d\u00edas-ASOCIACION-DE-JUBILADOS-DE-FUENGIROLA-copia.jpg"}},"image_meta":{"aperture":"0","credit":"","camera":"","caption":"","created_timestamp":"0","copyright":"","focal_length":"0","iso":"0","shutter_speed":"0","title":"","orientation":"1","keywords":[]}},"post":11342,"source_url":"https:\/\/felix.ares.fm\/wp-content\/uploads\/2017\/05\/cartel-t\u00e1nger-3-d\u00edas-ASOCIACION-DE-JUBILADOS-DE-FUENGIROLA-copia.jpg","_links":{"self":[{"href":"https:\/\/felix.ares.fm\/index.php?rest_route=\/wp\/v2\/media\/11343","targetHints":{"allow":["GET"]}}],"collection":[{"href":"https:\/\/felix.ares.fm\/index.php?rest_route=\/wp\/v2\/media"}],"about":[{"href":"https:\/\/felix.ares.fm\/index.php?rest_route=\/wp\/v2\/types\/attachment"}],"author":[{"embeddable":true,"href":"https:\/\/felix.ares.fm\/index.php?rest_route=\/wp\/v2\/users\/1"}],"replies":[{"embeddable":true,"href":"https:\/\/felix.ares.fm\/index.php?rest_route=%2Fwp%2Fv2%2Fcomments&post=11343"}],"wp:attached-to":[{"embeddable":true,"post_type":"post","id":11342,"href":"https:\/\/felix.ares.fm\/index.php?rest_route=\/wp\/v2\/posts\/11342"}],"curies":[{"name":"wp","href":"https:\/\/api.w.org\/{rel}","templated":true}]}}

http://felix.ares.fm/wp-content/uploads/2017/05/cartel-tánger-3-días-ASOCIACION-DE-JUBILADOS-DE-FUENGIROLA-copia.jpg

cartel tánger 3 días ASOCIACION DE JUBILADOS DE FUENGIROLA copia

<p class="attachment"><a href='https://felix.ares.fm/wp-content/uploads/2017/05/cartel-tánger-3-días-ASOCIACION-DE-JUBILADOS-DE-FUENGIROLA-copia.jpg'><img loading="lazy" decoding="async" width="212" height="300" src="https://felix.ares.fm/wp-content/uploads/2017/05/cartel-tánger-3-días-ASOCIACION-DE-JUBILADOS-DE-FUENGIROLA-copia-212x300.jpg" class="attachment-medium size-medium" alt="" srcset="https://felix.ares.fm/wp-content/uploads/2017/05/cartel-tánger-3-días-ASOCIACION-DE-JUBILADOS-DE-FUENGIROLA-copia-212x300.jpg 212w, https://felix.ares.fm/wp-content/uploads/2017/05/cartel-tánger-3-días-ASOCIACION-DE-JUBILADOS-DE-FUENGIROLA-copia-768x1086.jpg 768w, https://felix.ares.fm/wp-content/uploads/2017/05/cartel-tánger-3-días-ASOCIACION-DE-JUBILADOS-DE-FUENGIROLA-copia-724x1024.jpg 724w, https://felix.ares.fm/wp-content/uploads/2017/05/cartel-tánger-3-días-ASOCIACION-DE-JUBILADOS-DE-FUENGIROLA-copia-21x30.jpg 21w, https://felix.ares.fm/wp-content/uploads/2017/05/cartel-tánger-3-días-ASOCIACION-DE-JUBILADOS-DE-FUENGIROLA-copia.jpg 1754w" sizes="auto, (max-width: 212px) 100vw, 212px" /></a></p>

<p>Viaje de 3 días a Marruecos.</p>

2017/05/cartel-tánger-3-días-ASOCIACION-DE-JUBILADOS-DE-FUENGIROLA-copia.jpg

cartel-tánger-3-días-ASOCIACION-DE-JUBILADOS-DE-FUENGIROLA-copia-150x150.jpg

https://felix.ares.fm/wp-content/uploads/2017/05/cartel-tánger-3-días-ASOCIACION-DE-JUBILADOS-DE-FUENGIROLA-copia-150x150.jpg

cartel-tánger-3-días-ASOCIACION-DE-JUBILADOS-DE-FUENGIROLA-copia-212x300.jpg

https://felix.ares.fm/wp-content/uploads/2017/05/cartel-tánger-3-días-ASOCIACION-DE-JUBILADOS-DE-FUENGIROLA-copia-212x300.jpg

cartel-tánger-3-días-ASOCIACION-DE-JUBILADOS-DE-FUENGIROLA-copia-768x1086.jpg

https://felix.ares.fm/wp-content/uploads/2017/05/cartel-tánger-3-días-ASOCIACION-DE-JUBILADOS-DE-FUENGIROLA-copia-768x1086.jpg

cartel-tánger-3-días-ASOCIACION-DE-JUBILADOS-DE-FUENGIROLA-copia-724x1024.jpg

https://felix.ares.fm/wp-content/uploads/2017/05/cartel-tánger-3-días-ASOCIACION-DE-JUBILADOS-DE-FUENGIROLA-copia-724x1024.jpg

cartel-tánger-3-días-ASOCIACION-DE-JUBILADOS-DE-FUENGIROLA-copia-21x30.jpg

https://felix.ares.fm/wp-content/uploads/2017/05/cartel-tánger-3-días-ASOCIACION-DE-JUBILADOS-DE-FUENGIROLA-copia-21x30.jpg

cartel-tánger-3-días-ASOCIACION-DE-JUBILADOS-DE-FUENGIROLA-copia-604x270.jpg

https://felix.ares.fm/wp-content/uploads/2017/05/cartel-tánger-3-días-ASOCIACION-DE-JUBILADOS-DE-FUENGIROLA-copia-604x270.jpg

cartel-tánger-3-días-ASOCIACION-DE-JUBILADOS-DE-FUENGIROLA-copia.jpg

https://felix.ares.fm/wp-content/uploads/2017/05/cartel-tánger-3-días-ASOCIACION-DE-JUBILADOS-DE-FUENGIROLA-copia.jpg
