{"id":10808,"date":"2017-02-23T10:26:23","date_gmt":"2017-02-23T08:26:23","guid":{"rendered":"http:\/\/felix.ares.fm\/wp-content\/uploads\/2017\/02\/450px-Alacant_039.jpg"},"modified":"2017-02-23T10:27:53","modified_gmt":"2017-02-23T08:27:53","slug":"450px-alacant_039","status":"inherit","type":"attachment","link":"https:\/\/felix.ares.fm\/?attachment_id=10808","title":{"rendered":"450px-Alacant_039"},"author":1,"featured_media":0,"comment_status":"closed","ping_status":"closed","template":"","meta":[],"class_list":["post-10808","attachment","type-attachment","status-inherit","hentry"],"description":{"rendered":"<p class=\"attachment\"><a href='https:\/\/felix.ares.fm\/wp-content\/uploads\/2017\/02\/450px-Alacant_039.jpg'><img loading=\"lazy\" decoding=\"async\" width=\"225\" height=\"300\" src=\"https:\/\/felix.ares.fm\/wp-content\/uploads\/2017\/02\/450px-Alacant_039-225x300.jpg\" class=\"attachment-medium size-medium\" alt=\"\" srcset=\"https:\/\/felix.ares.fm\/wp-content\/uploads\/2017\/02\/450px-Alacant_039-225x300.jpg 225w, https:\/\/felix.ares.fm\/wp-content\/uploads\/2017\/02\/450px-Alacant_039-23x30.jpg 23w, https:\/\/felix.ares.fm\/wp-content\/uploads\/2017\/02\/450px-Alacant_039.jpg 450w\" sizes=\"auto, (max-width: 225px) 100vw, 225px\" \/><\/a><\/p>\n"},"caption":{"rendered":"<p>La concatedral vista por fuera. Observen la c\u00fapula con tejas vidriadas azules. La foto fue tomada en 2008 por joanbanjo y est\u00e1 licencia como Creative Commons de dominio p\u00fablico. Gentileza de Wikimedia.<\/p>\n"},"alt_text":"","media_type":"image","mime_type":"image\/jpeg","media_details":{"width":450,"height":600,"file":"2017\/02\/450px-Alacant_039.jpg","sizes":{"thumbnail":{"file":"450px-Alacant_039-150x150.jpg","width":150,"height":150,"mime_type":"image\/jpeg","source_url":"https:\/\/felix.ares.fm\/wp-content\/uploads\/2017\/02\/450px-Alacant_039-150x150.jpg"},"medium":{"file":"450px-Alacant_039-225x300.jpg","width":225,"height":300,"mime_type":"image\/jpeg","source_url":"https:\/\/felix.ares.fm\/wp-content\/uploads\/2017\/02\/450px-Alacant_039-225x300.jpg"},"tiny-lazy":{"file":"450px-Alacant_039-23x30.jpg","width":23,"height":30,"mime_type":"image\/jpeg","source_url":"https:\/\/felix.ares.fm\/wp-content\/uploads\/2017\/02\/450px-Alacant_039-23x30.jpg"},"post-thumbnail":{"file":"450px-Alacant_039-450x270.jpg","width":450,"height":270,"mime_type":"image\/jpeg","source_url":"https:\/\/felix.ares.fm\/wp-content\/uploads\/2017\/02\/450px-Alacant_039-450x270.jpg"},"full":{"file":"450px-Alacant_039.jpg","width":450,"height":600,"mime_type":"image\/jpeg","source_url":"https:\/\/felix.ares.fm\/wp-content\/uploads\/2017\/02\/450px-Alacant_039.jpg"}},"image_meta":{"aperture":"0","credit":"","camera":"","caption":"","created_timestamp":"0","copyright":"","focal_length":"0","iso":"0","shutter_speed":"0","title":"","orientation":"0","keywords":[]}},"post":10787,"source_url":"https:\/\/felix.ares.fm\/wp-content\/uploads\/2017\/02\/450px-Alacant_039.jpg","_links":{"self":[{"href":"https:\/\/felix.ares.fm\/index.php?rest_route=\/wp\/v2\/media\/10808","targetHints":{"allow":["GET"]}}],"collection":[{"href":"https:\/\/felix.ares.fm\/index.php?rest_route=\/wp\/v2\/media"}],"about":[{"href":"https:\/\/felix.ares.fm\/index.php?rest_route=\/wp\/v2\/types\/attachment"}],"author":[{"embeddable":true,"href":"https:\/\/felix.ares.fm\/index.php?rest_route=\/wp\/v2\/users\/1"}],"replies":[{"embeddable":true,"href":"https:\/\/felix.ares.fm\/index.php?rest_route=%2Fwp%2Fv2%2Fcomments&post=10808"}],"wp:attached-to":[{"embeddable":true,"post_type":"post","id":10787,"href":"https:\/\/felix.ares.fm\/index.php?rest_route=\/wp\/v2\/posts\/10787"}],"curies":[{"name":"wp","href":"https:\/\/api.w.org\/{rel}","templated":true}]}}

<p>La concatedral vista por fuera. Observen la cúpula con tejas vidriadas azules. La foto fue tomada en 2008 por joanbanjo y está licencia como Creative Commons de dominio público. Gentileza de Wikimedia.</p>
